{"id":1514,"date":"2020-04-16T20:06:00","date_gmt":"2020-04-16T18:06:00","guid":{"rendered":"https:\/\/riebelgmbh.de\/?page_id=1514"},"modified":"2022-09-30T14:25:13","modified_gmt":"2022-09-30T12:25:13","slug":"impressum","status":"publish","type":"page","link":"https:\/\/riebelgmbh.de\/?page_id=1514","title":{"rendered":"Impressum"},"content":{"rendered":"\n<h2>RIEBEL VERANSTALTUNGSSERVICE GMBH<\/h2>\n\n\n\n<p>Im Euler 5<br>55129 Mainz<br>Deutschland<br><br>+49 (0)6131-636280<br><a href=\"mailto:info@riebel-gmbh.com\">info@riebel-gmbh.com<\/a><\/p>\n\n\n\n<p>Gesch\u00e4ftsf\u00fchrer: Petra Masky<br>UstID-Nr:&nbsp;<br>Gerichtsstand: Mainz<br>Amtsgericht: Mainz<br>Handelsregister: HRB 49543<\/p>\n\n\n\n<h4>FOTOQUELLEN<\/h4>\n\n\n\n<p>aus dem Veranstaltungsarchiv der Riebel Veranstaltungsservice GmbH und \u00f6ffentlichen Fotoanbietern.<\/p>\n\n\n\n<h4>URHEBERRECHT\/ LEISTUNGSSCHUTZRECHT<\/h4>\n\n\n\n<p>Die auf dieser Webseite ver\u00f6ffentlichten Inhalte, Werke und bereitgestellten Informationen unterliegen dem deutschen Urheberrecht und Leistungsschutzrecht. Jede Art der Vervielf\u00e4ltigung, Bearbeitung, Verbreitung, Einspeicherung und jede Art der Verwertung au\u00dferhalb der Grenzen des Urheberrechts bedarf der vorherigen schriftlichen Zustimmung des jeweiligen Rechteinhabers. Das unerlaubte Kopieren \/ Speichern der bereitgestellten Informationen auf diesen Webseiten ist nicht gestattet und strafbar.<\/p>\n\n\n\n<h4>WIDERSPRUCH WERBEMAILS<\/h4>\n\n\n\n<p>Der Nutzung von Kontaktdaten (die im Rahmen der Impressumspflicht ver\u00f6ffentlicht wurden) zur \u00dcbersendung von nicht ausdr\u00fccklich angeforderter Werbung und Informationen wird hiermit widersprochen. Der Seitenbetreiber beh\u00e4lt sich rechtliche Schritte bei unverlangter Zusendung von Werbeinformationen, insbesondere bei Spam-E-Mails, vor.<\/p>\n","protected":false},"excerpt":{"rendered":"<p>RIEBEL VERANSTALTUNGSSERVICE GMBH Im Euler 555129 MainzDeutschland +49 (0)6131-636280info@riebel-gmbh.com Gesch\u00e4ftsf\u00fchrer: Petra MaskyUstID-Nr:&nbsp;Gerichtsstand: MainzAmtsgericht: MainzHandelsregister: HRB 49543 FOTOQUELLEN aus dem Veranstaltungsarchiv der Riebel Veranstaltungsservice GmbH und \u00f6ffentlichen Fotoanbietern. URHEBERRECHT\/ LEISTUNGSSCHUTZRECHT Die &#8230;<\/p>\n","protected":false},"author":1,"featured_media":0,"parent":0,"menu_order":0,"comment_status":"closed","ping_status":"closed","template":"","meta":[],"_links":{"self":[{"href":"https:\/\/riebelgmbh.de\/index.php?rest_route=\/wp\/v2\/pages\/1514"}],"collection":[{"href":"https:\/\/riebelgmbh.de\/index.php?rest_route=\/wp\/v2\/pages"}],"about":[{"href":"https:\/\/riebelgmbh.de\/index.php?rest_route=\/wp\/v2\/types\/page"}],"author":[{"embeddable":true,"href":"https:\/\/riebelgmbh.de\/index.php?rest_route=\/wp\/v2\/users\/1"}],"replies":[{"embeddable":true,"href":"https:\/\/riebelgmbh.de\/index.php?rest_route=%2Fwp%2Fv2%2Fcomments&post=1514"}],"version-history":[{"count":10,"href":"https:\/\/riebelgmbh.de\/index.php?rest_route=\/wp\/v2\/pages\/1514\/revisions"}],"predecessor-version":[{"id":1953,"href":"https:\/\/riebelgmbh.de\/index.php?rest_route=\/wp\/v2\/pages\/1514\/revisions\/1953"}],"wp:attachment":[{"href":"https:\/\/riebelgmbh.de\/index.php?rest_route=%2Fwp%2Fv2%2Fmedia&parent=1514"}],"curies":[{"name":"wp","href":"https:\/\/api.w.org\/{rel}","templated":true}]}}